{"id":15103,"date":"2025-06-30T16:42:21","date_gmt":"2025-06-30T14:42:21","guid":{"rendered":"https:\/\/www.pointecourte.occitanie-films.fr\/?page_id=15103"},"modified":"2026-02-25T16:22:17","modified_gmt":"2026-02-25T15:22:17","slug":"accueil-2025","status":"publish","type":"page","link":"https:\/\/www.pointecourte.occitanie-films.fr\/","title":{"rendered":"Accueil 2025"},"content":{"rendered":"\t\t<div data-elementor-type=\"wp-page\" data-elementor-id=\"15103\" class=\"elementor elementor-15103\">\n\t\t\t\t\t\t<section class=\"elementor-section elementor-top-section elementor-element elementor-element-4693162 elementor-section-boxed elementor-section-height-default elementor-section-height-default\" data-id=\"4693162\" data-element_type=\"section\" data-e-type=\"section\">\n\t\t\t\t\t\t<div class=\"elementor-container elementor-column-gap-default\">\n\t\t\t\t\t<div class=\"elementor-column elementor-col-100 elementor-top-column elementor-element elementor-element-d9073d3\" data-id=\"d9073d3\" data-element_type=\"column\" data-e-type=\"column\">\n\t\t\t<div class=\"elementor-widget-wrap\">\n\t\t\t\t\t\t\t<\/div>\n\t\t<\/div>\n\t\t\t\t\t<\/div>\n\t\t<\/section>\n\t\t\t\t<section class=\"elementor-section elementor-top-section elementor-element elementor-element-93ddf63 elementor-section-boxed elementor-section-height-default elementor-section-height-default\" data-id=\"93ddf63\" data-element_type=\"section\" data-e-type=\"section\">\n\t\t\t\t\t\t<div class=\"elementor-container elementor-column-gap-default\">\n\t\t\t\t\t<div class=\"elementor-column elementor-col-100 elementor-top-column elementor-element elementor-element-ea3e15c\" data-id=\"ea3e15c\" data-element_type=\"column\" data-e-type=\"column\">\n\t\t\t<div class=\"elementor-widget-wrap elementor-element-populated\">\n\t\t\t\t\t\t<div class=\"elementor-element elementor-element-3490f95 elementor-widget elementor-widget-ekit-nav-menu\" data-id=\"3490f95\" data-element_type=\"widget\" data-e-type=\"widget\" data-widget_type=\"ekit-nav-menu.default\">\n\t\t\t\t<div class=\"elementor-widget-container\">\n\t\t\t\t\t\t\t<nav class=\"ekit-wid-con ekit_menu_responsive_tablet\"\n\t\t\tdata-hamburger-icon=\"\"\n\t\t\tdata-hamburger-icon-type=\"icon\"\n\t\t\tdata-responsive-breakpoint=\"1024\">\n\t\t\t        <\/nav>\n\t\t\t\t\t\t<\/div>\n\t\t\t\t<\/div>\n\t\t\t\t\t<\/div>\n\t\t<\/div>\n\t\t\t\t\t<\/div>\n\t\t<\/section>\n\t\t\t\t<section class=\"elementor-section elementor-top-section elementor-element elementor-element-13d4927d elementor-section-height-full elementor-section-full_width elementor-section-height-default elementor-section-items-middle elementor-invisible\" data-id=\"13d4927d\" data-element_type=\"section\" data-e-type=\"section\" data-settings=\"{&quot;background_background&quot;:&quot;slideshow&quot;,&quot;background_slideshow_gallery&quot;:[{&quot;id&quot;:14909,&quot;url&quot;:&quot;https:\\\/\\\/www.pointecourte.occitanie-films.fr\\\/wp-content\\\/uploads\\\/2025\\\/02\\\/veuillez-ne-pas-tenter-d-ouvrir-les-portes-e1751360183472.png&quot;},{&quot;id&quot;:14792,&quot;url&quot;:&quot;https:\\\/\\\/www.pointecourte.occitanie-films.fr\\\/wp-content\\\/uploads\\\/2025\\\/02\\\/Ete_96_Bedouet_V4.jpg&quot;},{&quot;id&quot;:14773,&quot;url&quot;:&quot;https:\\\/\\\/www.pointecourte.occitanie-films.fr\\\/wp-content\\\/uploads\\\/2025\\\/02\\\/Papillon4\\u00a9Xbofilms.jpg&quot;},{&quot;id&quot;:14754,&quot;url&quot;:&quot;https:\\\/\\\/www.pointecourte.occitanie-films.fr\\\/wp-content\\\/uploads\\\/2025\\\/02\\\/Quand_tu_joues_2.png&quot;},{&quot;id&quot;:15066,&quot;url&quot;:&quot;https:\\\/\\\/www.pointecourte.occitanie-films.fr\\\/wp-content\\\/uploads\\\/2025\\\/06\\\/The-One-Who-Knows_Davidavice_V7-1.jpeg&quot;},{&quot;id&quot;:14987,&quot;url&quot;:&quot;https:\\\/\\\/www.pointecourte.occitanie-films.fr\\\/wp-content\\\/uploads\\\/2025\\\/02\\\/Haikino_9.png&quot;},{&quot;id&quot;:14710,&quot;url&quot;:&quot;https:\\\/\\\/www.pointecourte.occitanie-films.fr\\\/wp-content\\\/uploads\\\/2025\\\/02\\\/Gigi\\u00a9Xbofilms_72_5.png&quot;},{&quot;id&quot;:2841,&quot;url&quot;:&quot;https:\\\/\\\/www.pointecourte.occitanie-films.fr\\\/wp-content\\\/uploads\\\/2022\\\/06\\\/Le-Tigre_Arnoux_v2.png&quot;},{&quot;id&quot;:3511,&quot;url&quot;:&quot;https:\\\/\\\/www.pointecourte.occitanie-films.fr\\\/wp-content\\\/uploads\\\/2023\\\/06\\\/larecette2.png&quot;},{&quot;id&quot;:14981,&quot;url&quot;:&quot;https:\\\/\\\/www.pointecourte.occitanie-films.fr\\\/wp-content\\\/uploads\\\/2025\\\/02\\\/Haikino_3.png&quot;},{&quot;id&quot;:15044,&quot;url&quot;:&quot;https:\\\/\\\/www.pointecourte.occitanie-films.fr\\\/wp-content\\\/uploads\\\/2025\\\/05\\\/Capture-decran-2025-03-06-a-15.07.58.png&quot;},{&quot;id&quot;:14725,&quot;url&quot;:&quot;https:\\\/\\\/www.pointecourte.occitanie-films.fr\\\/wp-content\\\/uploads\\\/2025\\\/02\\\/Comosi2\\u00a9Xbofilms.png&quot;},{&quot;id&quot;:15245,&quot;url&quot;:&quot;https:\\\/\\\/www.pointecourte.occitanie-films.fr\\\/wp-content\\\/uploads\\\/2026\\\/02\\\/Montagne_Delmas_V2-scaled.png&quot;},{&quot;id&quot;:15221,&quot;url&quot;:&quot;https:\\\/\\\/www.pointecourte.occitanie-films.fr\\\/wp-content\\\/uploads\\\/2026\\\/02\\\/Tanguero_Garrofe_V3-scaled.png&quot;}],&quot;background_slideshow_slide_duration&quot;:7000,&quot;animation&quot;:&quot;fadeIn&quot;,&quot;background_slideshow_loop&quot;:&quot;yes&quot;,&quot;background_slideshow_slide_transition&quot;:&quot;fade&quot;,&quot;background_slideshow_transition_duration&quot;:500}\">\n\t\t\t\t\t\t\t<div class=\"elementor-background-overlay\"><\/div>\n\t\t\t\t\t\t\t<div class=\"elementor-container elementor-column-gap-default\">\n\t\t\t\t\t<div class=\"elementor-column elementor-col-33 elementor-top-column elementor-element elementor-element-665471a5 animated-fast elementor-invisible\" data-id=\"665471a5\" data-element_type=\"column\" data-e-type=\"column\" data-settings=\"{&quot;background_background&quot;:&quot;classic&quot;,&quot;animation&quot;:&quot;fadeIn&quot;}\">\n\t\t\t<div class=\"elementor-widget-wrap elementor-element-populated\">\n\t\t\t\t\t\t<div class=\"elementor-element elementor-element-6439eac elementor-widget elementor-widget-spacer\" data-id=\"6439eac\" data-element_type=\"widget\" data-e-type=\"widget\" data-widget_type=\"spacer.default\">\n\t\t\t\t<div class=\"elementor-widget-container\">\n\t\t\t\t\t\t\t<div class=\"elementor-spacer\">\n\t\t\t<div class=\"elementor-spacer-inner\"><\/div>\n\t\t<\/div>\n\t\t\t\t\t\t<\/div>\n\t\t\t\t<\/div>\n\t\t\t\t\t<\/div>\n\t\t<\/div>\n\t\t\t\t<div class=\"elementor-column elementor-col-33 elementor-top-column elementor-element elementor-element-332825a7 animated-slow elementor-invisible\" data-id=\"332825a7\" data-element_type=\"column\" data-e-type=\"column\" data-settings=\"{&quot;background_background&quot;:&quot;classic&quot;,&quot;animation&quot;:&quot;fadeIn&quot;,&quot;animation_delay&quot;:1500}\">\n\t\t\t<div class=\"elementor-widget-wrap elementor-element-populated\">\n\t\t\t\t\t\t<div class=\"elementor-element elementor-element-4c565810 animated-fast elementor-invisible elementor-widget elementor-widget-heading\" data-id=\"4c565810\" data-element_type=\"widget\" data-e-type=\"widget\" data-settings=\"{&quot;_animation&quot;:&quot;fadeInUp&quot;,&quot;_animation_delay&quot;:400}\" data-widget_type=\"heading.default\">\n\t\t\t\t<div class=\"elementor-widget-container\">\n\t\t\t\t\t<h2 class=\"elementor-heading-title elementor-size-default\">L'Agence Unique, Occitanie Culture<br>\net CINEPHILAE<\/h2>\t\t\t\t<\/div>\n\t\t\t\t<\/div>\n\t\t\t\t<div class=\"elementor-element elementor-element-7863cfd animated-fast elementor-invisible elementor-widget elementor-widget-heading\" data-id=\"7863cfd\" data-element_type=\"widget\" data-e-type=\"widget\" data-settings=\"{&quot;_animation&quot;:&quot;fadeInUp&quot;,&quot;_animation_delay&quot;:600}\" data-widget_type=\"heading.default\">\n\t\t\t\t<div class=\"elementor-widget-container\">\n\t\t\t\t\t<h2 class=\"elementor-heading-title elementor-size-default\">Pr\u00e9sentent<\/h2>\t\t\t\t<\/div>\n\t\t\t\t<\/div>\n\t\t\t\t<div class=\"elementor-element elementor-element-6fd0b540 animated-slow elementor-widget-divider--view-line elementor-invisible elementor-widget elementor-widget-divider\" data-id=\"6fd0b540\" data-element_type=\"widget\" data-e-type=\"widget\" data-settings=\"{&quot;_animation&quot;:&quot;fadeInDown&quot;,&quot;_animation_delay&quot;:800}\" data-widget_type=\"divider.default\">\n\t\t\t\t<div class=\"elementor-widget-container\">\n\t\t\t\t\t\t\t<div class=\"elementor-divider\">\n\t\t\t<span class=\"elementor-divider-separator\">\n\t\t\t\t\t\t<\/span>\n\t\t<\/div>\n\t\t\t\t\t\t<\/div>\n\t\t\t\t<\/div>\n\t\t\t\t<div class=\"elementor-element elementor-element-0078ba0 elementor-widget elementor-widget-spacer\" data-id=\"0078ba0\" data-element_type=\"widget\" data-e-type=\"widget\" data-widget_type=\"spacer.default\">\n\t\t\t\t<div class=\"elementor-widget-container\">\n\t\t\t\t\t\t\t<div class=\"elementor-spacer\">\n\t\t\t<div class=\"elementor-spacer-inner\"><\/div>\n\t\t<\/div>\n\t\t\t\t\t\t<\/div>\n\t\t\t\t<\/div>\n\t\t\t\t<div class=\"elementor-element elementor-element-5a41fefe animated-slow elementor-invisible elementor-widget elementor-widget-heading\" data-id=\"5a41fefe\" data-element_type=\"widget\" data-e-type=\"widget\" data-settings=\"{&quot;_animation&quot;:&quot;fadeIn&quot;,&quot;_animation_delay&quot;:1000}\" data-widget_type=\"heading.default\">\n\t\t\t\t<div class=\"elementor-widget-container\">\n\t\t\t\t\t<h4 class=\"elementor-heading-title elementor-size-default\">POINTE COURTE<\/h4>\t\t\t\t<\/div>\n\t\t\t\t<\/div>\n\t\t\t\t<div class=\"elementor-element elementor-element-011bbd9 animated-slow elementor-invisible elementor-widget elementor-widget-heading\" data-id=\"011bbd9\" data-element_type=\"widget\" data-e-type=\"widget\" data-settings=\"{&quot;_animation&quot;:&quot;fadeIn&quot;,&quot;_animation_delay&quot;:1400}\" data-widget_type=\"heading.default\">\n\t\t\t\t<div class=\"elementor-widget-container\">\n\t\t\t\t\t<h1 class=\"elementor-heading-title elementor-size-default\">Un catalogue de courts m\u00e9trages r\u00e9alis\u00e9s ou produits en r\u00e9gion<br \/>\u00e0 destination des lieux de diffusion en Occitanie<\/h1>\t\t\t\t<\/div>\n\t\t\t\t<\/div>\n\t\t\t\t<div class=\"elementor-element elementor-element-080caa8 elementor-widget elementor-widget-spacer\" data-id=\"080caa8\" data-element_type=\"widget\" data-e-type=\"widget\" data-widget_type=\"spacer.default\">\n\t\t\t\t<div class=\"elementor-widget-container\">\n\t\t\t\t\t\t\t<div class=\"elementor-spacer\">\n\t\t\t<div class=\"elementor-spacer-inner\"><\/div>\n\t\t<\/div>\n\t\t\t\t\t\t<\/div>\n\t\t\t\t<\/div>\n\t\t\t\t<div class=\"elementor-element elementor-element-b705575 animated-slow elementor-invisible elementor-widget elementor-widget-heading\" data-id=\"b705575\" data-element_type=\"widget\" data-e-type=\"widget\" data-settings=\"{&quot;_animation&quot;:&quot;fadeIn&quot;,&quot;_animation_delay&quot;:1800}\" data-widget_type=\"heading.default\">\n\t\t\t\t<div class=\"elementor-widget-container\">\n\t\t\t\t\t<h2 class=\"elementor-heading-title elementor-size-default\">\u00a9 L'Agence Unique, Occitanie Culture<\/h2>\t\t\t\t<\/div>\n\t\t\t\t<\/div>\n\t\t\t\t\t<\/div>\n\t\t<\/div>\n\t\t\t\t<div class=\"elementor-column elementor-col-33 elementor-top-column elementor-element elementor-element-6586fece\" data-id=\"6586fece\" data-element_type=\"column\" data-e-type=\"column\">\n\t\t\t<div class=\"elementor-widget-wrap\">\n\t\t\t\t\t\t\t<\/div>\n\t\t<\/div>\n\t\t\t\t\t<\/div>\n\t\t<\/section>\n\t\t\t\t<\/div>\n\t\t","protected":false},"excerpt":{"rendered":"<p>L&rsquo;Agence Unique, Occitanie Culture et CINEPHILAE Pr\u00e9sentent POINTE COURTE Un catalogue de courts m\u00e9trages r\u00e9alis\u00e9s ou produits en r\u00e9gion\u00e0 destination des lieux de diffusion en Occitanie \u00a9 L&rsquo;Agence Unique, Occitanie Culture<\/p>\n","protected":false},"author":1,"featured_media":0,"parent":0,"menu_order":0,"comment_status":"closed","ping_status":"closed","template":"elementor_header_footer","meta":{"footnotes":""},"class_list":["post-15103","page","type-page","status-publish","hentry"],"_links":{"self":[{"href":"https:\/\/www.pointecourte.occitanie-films.fr\/index.php\/wp-json\/wp\/v2\/pages\/15103","targetHints":{"allow":["GET"]}}],"collection":[{"href":"https:\/\/www.pointecourte.occitanie-films.fr\/index.php\/wp-json\/wp\/v2\/pages"}],"about":[{"href":"https:\/\/www.pointecourte.occitanie-films.fr\/index.php\/wp-json\/wp\/v2\/types\/page"}],"author":[{"embeddable":true,"href":"https:\/\/www.pointecourte.occitanie-films.fr\/index.php\/wp-json\/wp\/v2\/users\/1"}],"replies":[{"embeddable":true,"href":"https:\/\/www.pointecourte.occitanie-films.fr\/index.php\/wp-json\/wp\/v2\/comments?post=15103"}],"version-history":[{"count":16,"href":"https:\/\/www.pointecourte.occitanie-films.fr\/index.php\/wp-json\/wp\/v2\/pages\/15103\/revisions"}],"predecessor-version":[{"id":15491,"href":"https:\/\/www.pointecourte.occitanie-films.fr\/index.php\/wp-json\/wp\/v2\/pages\/15103\/revisions\/15491"}],"wp:attachment":[{"href":"https:\/\/www.pointecourte.occitanie-films.fr\/index.php\/wp-json\/wp\/v2\/media?parent=15103"}],"curies":[{"name":"wp","href":"https:\/\/api.w.org\/{rel}","templated":true}]}}